{"id":126,"date":"2025-10-29T15:45:56","date_gmt":"2025-10-29T14:45:56","guid":{"rendered":"https:\/\/willmenrod.sg-wgw.de\/?page_id=126"},"modified":"2025-10-30T13:39:42","modified_gmt":"2025-10-30T12:39:42","slug":"happykids","status":"publish","type":"page","link":"https:\/\/sv-willmenrod.de\/?page_id=126","title":{"rendered":"HappyKids"},"content":{"rendered":"<div  data-label=\"Happykids1\" data-id=\"about--1\" data-export-id=\"about-10\" data-category=\"about\" class=\"about-10 content-section content-section-spacing\" id=\"happykids1-1\" style=\"background-color: rgba(255, 255, 255, 0); background-image: none;\"><div  class=\"gridContainer\"> <div  class=\"row middle-sm text-center\"><div  class=\"col-sm-5 space-bottom-xs content-column\" data-type=\"column\"> <h5  class=\"\">Happy Kids<\/h5> <h2  class=\"\">Tanzen mit<br ><span  style=\"font-family: Playfair Display,sans-serif; font-weight: 700; font-style: italic;\" href=\"#\">Power &amp; Spa\u00df&nbsp;<\/span>f\u00fcr die Kleinen!<\/h2> <p  class=\"\" style=\"text-align: center;\">Unsere neue Tanzgruppe ist gestartet \u2013 und bringt Bewegung, Musik und gute Laune in die Mehrzweckhalle Willmenrod! \n<br ><br >Hier treffen sich M\u00e4dchen und Jungs, die Freude am Tanzen haben und gemeinsam etwas Neues aufbauen m\u00f6chten.<br >\n\n<br ><span  id=\"_mce_caret\" data-mce-bogus=\"1\" data-mce-type=\"format-caret\">\ufeff<\/span><span  style=\"font-weight: 700;\">Was euch bei uns erwartet:<\/span><\/p> <\/div> <div  class=\"col-sm-7 flexbox middle-xs center-xs space-bottom-xs\"><div  class=\"overlay-box middle-xs center-xs flexbox\"> <div  class=\"overlay-box-offset offset-border shadow-medium border-color1 hide-xs\"><\/div> <img  decoding=\"async\" class=\"shadow-large\" data-size=\"485x705\" src=\"https:\/\/sv-willmenrod.de\/wp-content\/uploads\/2025\/10\/cropped-kids-2581002_1920.jpg\" title=\"kids\" alt=\"\"><\/div> <\/div><\/div> <\/div><\/div><div  data-label=\"Happykids2\" data-id=\"overlappable--1\" data-export-id=\"overlappable-4\" data-category=\"overlappable\" class=\"overlappable-4 content-section content-section-spacing content-relative\" data-overlap=\"true\" id=\"happykids2\" style=\"background-color: rgb(255, 255, 255);\"><div  class=\"gridContainer\"> <div  data-type=\"row\" class=\"row spaced-cols text-center\"><div  class=\"col-xs-12 col-sm-4 col-padding col-md-3 \"> <i  class=\"fa icon fa-clone large shadow-large-black round aligncenter reverse color1\"><\/i> <div  data-type=\"column\" class=\"\"> <h5  class=\"\">Tolle Choreografien in coolen Kost\u00fcmen<\/h5> <\/div> <\/div> <div  class=\"col-xs-12 col-sm-4 col-padding col-md-3 \"> <i  class=\"fa icon fa-cogs large shadow-large-black round aligncenter reverse color1\"><\/i> <div  data-type=\"column\" class=\"\"><h5  class=\"\">Kombination aus Tanz, Fitness und Ausdruck<\/h5> <\/div> <\/div> <div  class=\"col-xs-12 col-sm-4 col-padding col-md-3 \"> <i  class=\"fa icon fa-magic large shadow-large-black round aligncenter reverse color1\"><\/i> <div  data-type=\"column\" class=\"\"><h5  class=\"\">Gemeinschaft, Motivation und jede Menge Spa\u00df<\/h5> <\/div> <\/div><div  class=\"col-xs-12 col-sm-4 col-padding col-md-3\"> <i  class=\"fa icon shadow-large-black aligncenter fa-child reverse round large color1\"><\/i> <div  data-type=\"column\" class=\"\"> <h5  class=\"\">Auftritte bei Vereinsfesten vorrangig an Karneval, andere Veranstaltungen und Events (in Planung)<\/h5> <\/div> <\/div><\/div> <\/div><\/div><div  data-label=\"Fuerwen\" data-id=\"content--1\" data-export-id=\"content-16\" data-category=\"content\" class=\"content-16 content-section content-section-spacing\" id=\"fuerwen\" style=\"background-color: rgb(255, 255, 255);\"><div  class=\"gridContainer\"> <div  class=\"row middle-sm\"><div  class=\"col-sm-6 space-bottom-xs\" data-type=\"column\"> <h2  class=\"\">F\u00fcr wen ist die Tanzgruppe gedacht?<\/h2> <p  class=\"\">F\u00fcr alle M\u00e4dchen und Jungs im Alter von 6-10 Jahre, die Spa\u00df am Tanzen haben \u2013 egal ob Anf\u00e4ngerin oder mit Tanzerfahrung. \n<br >Bei uns z\u00e4hlt der Spa\u00df an der Bewegung, nicht die Perfektion.<\/p> <\/div> <div  class=\"col-sm-6 flexbox around-xs top-xs space-top-xs space-bottom-xs\"><div  class=\"overlay-box flexbox middle-xs center-xs overlay-holder\"> <div  class=\"overlay-box-offset offset-border shadow-medium border-color2 hide-xs\"><\/div> <img decoding=\"async\"  class=\"flexbox shadow-large img1\" data-size=\"500x500\" src=\"https:\/\/sv-willmenrod.de\/wp-content\/uploads\/2025\/10\/cropped-sunset-5466866_1920.jpg\" title=\"cropped-sunset-5466866_1920.jpg\" alt=\"\"><\/div> <\/div><\/div> <\/div><\/div><div  data-label=\"Kontakt\" data-id=\"about--2\" data-export-id=\"about-5\" data-category=\"about\" class=\"about-5 content-section content-section-spacing\" id=\"kontakt\" style=\"background-color: rgb(255, 255, 255);\"><div  class=\"gridContainer\"> <div  class=\"row middle-sm text-center\"><div  class=\"col-sm-6 space-bottom-xs\" data-type=\"column\"> <h5  class=\"\">Werde Teil unserer Tanz-Community!<\/h5> <h2  class=\"\">SV Rot-Wei\u00df Willmenrod<br ><span  style=\"font-family: Playfair Display,sans-serif; font-weight: 700; font-style: italic;\" href=\"#\">Hier tanzt<\/span>&nbsp;der Verein!<\/h2> <p  class=\"\">Du willst dich kreativ ausleben, dich fit halten und mit anderen tollen M\u00e4dchen und Jungs tanzen? Dann mach mit \u2013 wir freuen uns \u00fcber jedes neue Gesicht auf der Tanzfl\u00e4che! Nimm direkt Kontakt zu unseren Trainerinnen auf:<\/p> <p  class=\"lead\"><span  style=\"font-family: Playfair Display, arial, helvetica, sans-serif; font-weight: 700;\">Steffi Bangard: +49 171 8007728\n<\/span><br ><span  style=\"font-family: Playfair Display, arial, helvetica, sans-serif; font-weight: 700;\">Janine Scherf: +49 175 4634354<\/span><span  id=\"_mce_caret\" data-mce-bogus=\"1\" data-mce-type=\"format-caret\"><span  style=\"font-family: Playfair Display, arial, helvetica, sans-serif; font-weight: 700;\">\ufeff<\/span><\/span><span  id=\"_mce_caret\" data-mce-bogus=\"1\" data-mce-type=\"format-caret\"><span  style=\"font-family: Playfair Display, arial, helvetica, sans-serif;\">\ufeff<\/span><\/span><\/p><\/div> <div  class=\"col-sm-6 flexbox image-group-right-2 around-xs top-xs space-bottom-xs\"><div  class=\"left-el\"> <img decoding=\"async\"  class=\"shadow-large\" data-size=\"300x430\" src=\"\/\/extendthemes.com\/assets\/mesmerize\/sections-images\/about-5-1.jpg\"><\/div> <div  class=\"right-el\"> <img decoding=\"async\"  class=\"shadow-large\" data-size=\"300x430\" src=\"https:\/\/sv-willmenrod.de\/wp-content\/uploads\/2025\/10\/cropped-cropped-kids-2581002_1920.jpg\" title=\"kids\" alt=\"\"><\/div> <div  class=\"center-overlay inner-shadow border-large\"><\/div><\/div> <\/div><\/div> <\/div><div  data-label=\"Mitglied\" data-id=\"cta--2\" data-export-id=\"cta-blue-section\" data-category=\"cta\" class=\"cta-blue-section content-section content-section-spacing-medium bg-color1 white-text\" id=\"mitglied\"><div  class=\"gridContainer\"> <div  class=\"row middle-xs\"><div  class=\"col-sm-8 space-bottom-xs\" data-type=\"column\"> <h2  class=\"\">Mitglied werden direkt online:<\/h2> <\/div> <div  class=\"col-sm-4 end-sm\" data-type=\"column\"> <a  class=\"button color1\" href=\"https:\/\/sv-willmenrod.de?page_id=176\" target=\"_self\" data-cp-link=\"1\" data-icon=\"\">Mitgliedsantrag<\/a><\/div> <\/div><\/div> <\/div>","protected":false},"excerpt":{"rendered":"<p>Happy Kids Tanzen mitPower &amp; Spa\u00df&nbsp;f\u00fcr die Kleinen! Unsere neue Tanzgruppe ist gestartet \u2013 und bringt Bewegung, Musik und gute Laune in die Mehrzweckhalle Willmenrod! Hier treffen sich M\u00e4dchen und Jungs, die Freude am Tanzen haben und gemeinsam etwas Neues aufbauen m\u00f6chten. \ufeffWas euch bei uns erwartet: Tolle Choreografien in coolen Kost\u00fcmen Kombination aus Tanz,&hellip; <br \/> <a class=\"read-more\" href=\"https:\/\/sv-willmenrod.de\/?page_id=126\">Read more<\/a><\/p>\n","protected":false},"author":1,"featured_media":0,"parent":0,"menu_order":0,"comment_status":"closed","ping_status":"closed","template":"pro\/page-templates\/full-width-page.php","meta":{"footnotes":""},"class_list":["post-126","page","type-page","status-publish","hentry"],"_links":{"self":[{"href":"https:\/\/sv-willmenrod.de\/index.php?rest_route=\/wp\/v2\/pages\/126","targetHints":{"allow":["GET"]}}],"collection":[{"href":"https:\/\/sv-willmenrod.de\/index.php?rest_route=\/wp\/v2\/pages"}],"about":[{"href":"https:\/\/sv-willmenrod.de\/index.php?rest_route=\/wp\/v2\/types\/page"}],"author":[{"embeddable":true,"href":"https:\/\/sv-willmenrod.de\/index.php?rest_route=\/wp\/v2\/users\/1"}],"replies":[{"embeddable":true,"href":"https:\/\/sv-willmenrod.de\/index.php?rest_route=%2Fwp%2Fv2%2Fcomments&post=126"}],"version-history":[{"count":9,"href":"https:\/\/sv-willmenrod.de\/index.php?rest_route=\/wp\/v2\/pages\/126\/revisions"}],"predecessor-version":[{"id":191,"href":"https:\/\/sv-willmenrod.de\/index.php?rest_route=\/wp\/v2\/pages\/126\/revisions\/191"}],"wp:attachment":[{"href":"https:\/\/sv-willmenrod.de\/index.php?rest_route=%2Fwp%2Fv2%2Fmedia&parent=126"}],"curies":[{"name":"wp","href":"https:\/\/api.w.org\/{rel}","templated":true}]}}