{"id":114,"date":"2025-10-29T15:34:45","date_gmt":"2025-10-29T14:34:45","guid":{"rendered":"https:\/\/willmenrod.sg-wgw.de\/?page_id=114"},"modified":"2025-10-30T13:40:07","modified_gmt":"2025-10-30T12:40:07","slug":"abteilungen","status":"publish","type":"page","link":"https:\/\/sv-willmenrod.de\/?page_id=114","title":{"rendered":"Fussball"},"content":{"rendered":"<div  data-label=\"Warum\" data-id=\"features--1\" data-export-id=\"features-12-card\" data-category=\"features\" class=\"features-12-card content-section content-section-spacing \" id=\"warum-1\" style=\"background-color: rgb(245, 250, 253);\"><div  class=\"gridContainer\"> <div  class=\"row text-center\"><div  class=\"section-title-col\" data-type=\"column\"> <h2  class=\"\">Warum SV Rot-Wei\u00df Willmenrod<\/h2> <\/div> <\/div> <div  class=\"row spaced-cols\" data-type=\"row\"> <div  class=\"col-sm-6\"> <div  class=\"card row-card\"> <div  class=\"row\"> <div  class=\"col-sm-fit icon-column\"> <i  class=\"fa icon fa-book bordered round color1\"><\/i> <\/div> <div  class=\"col-sm\" data-type=\"column\"> <h5  class=\"color2\">Qualifizierung unserer Trainer<\/h5> <p  class=\"\">Wir erm\u00f6glichen angehenden und bestehenden Trainern die M\u00f6glichkeit, sich weiter zu entwicklen und zu qualifizieren.<\/p><\/div> <\/div><\/div> <\/div> <div  class=\"col-sm-6\"> <div  class=\"card row-card\"> <div  class=\"row\"> <div  class=\"col-sm-fit icon-column\"> <i  class=\"fa icon fa-soccer-ball-o bordered round color1\"><\/i> <\/div> <div  class=\"col-sm\" data-type=\"column\"> <h5  class=\"color2\">Gute Trainingsbedingungen<\/h5> <p  class=\"\">Ob Kunstrasen oder Rasen, unsere Trainingsbedingungen zeichnen sich durch gepflegte Pl\u00e4tze aus.<\/p><\/div> <\/div><\/div> <\/div> <div  class=\"col-sm-6\"> <div  class=\"card row-card\"> <div  class=\"row\"> <div  class=\"col-sm-fit icon-column\"> <i  class=\"fa icon fa-child bordered round color1\"><\/i> <\/div> <div  class=\"col-sm\" data-type=\"column\"> <h5  class=\"color2\">Aktive F\u00f6rderung der Jugend<\/h5> <p  class=\"\">Ein besonderes Augenmerk legen wir auf die Jugendarbeit \u2013 unserer Zukunft von Morgen.<\/p><\/div> <\/div><\/div> <\/div> <div  class=\"col-sm-6\"> <div  class=\"card row-card\"> <div  class=\"row\"> <div  class=\"col-sm-fit icon-column\"> <i  class=\"fa icon fa-simplybuilt bordered round color1\"><\/i> <\/div> <div  class=\"col-sm\" data-type=\"column\"> <h5  class=\"color2\">Famili\u00e4res Umfeld&nbsp;<\/h5> <p  class=\"\">Aus dem Verein und f\u00fcr den Verein. Gemeinschaft wird bei uns gro\u00df geschrieben.<\/p><\/div> <\/div><\/div> <\/div><\/div> <\/div><\/div><div  data-label=\"Fussball1\" data-id=\"overlappable--2\" data-export-id=\"overlappable-3\" data-category=\"overlappable\" class=\"overlappable-3 content-section content-section-spacing\" data-overlap=\"true\" id=\"fussball1\" style=\"background-color: rgb(255, 255, 255);\"><div  class=\"gridContainer\"> <div  class=\"row bg-color-white shadow-medium\"><div  class=\"col-xs-12 col-sm-6 image-col first-image-col\" data-bg=\"image\" style=\"background-image: url(&quot;https:\/\/sv-willmenrod.de\/wp-content\/uploads\/2025\/10\/cropped-football-4505650_1920.jpg&quot;);\"><\/div> <div  class=\"col-xs-12 col-sm-6 content-col col-padding col-padding-xs\"> <div  class=\"col-padding\" data-type=\"column\"> <h4  class=\"\">Fu\u00dfball beim SV Rot-Wei\u00df Willmenrod<\/h4> <p  class=\"\">Der SV Rot-Wei\u00df Willmenrod steht f\u00fcr gelebte Fu\u00dfballleidenschaft \u2013 von den j\u00fcngsten Bambini bis zu den erfahrenen Alten Herren. Als Teil der SG WGW bieten wir ein breites und starkes Fu\u00dfballangebot f\u00fcr Kinder, Jugendliche und Erwachsene.<\/p> <a  class=\"button color1\" href=\"https:\/\/sg-wgw.de\" target=\"_blank\" data-cp-link=\"1\" data-icon=\"\">ZUR SG WGW<\/a><\/div> <\/div><\/div> <div  class=\"row bg-color-white shadow-medium\"><div  class=\"col-xs-12 col-sm-6 content-col col-padding col-padding-xs\"> <div  class=\"col-padding\" data-type=\"column\"><h4  class=\"\">Unsere Jugendabteilung \u2013 Zukunft mit Herz<\/h4> <p  class=\"\">Der Jugendfu\u00dfball liegt uns besonders am Herzen. In enger Zusammenarbeit mit der SG WGW f\u00f6rdern wir Talente und schaffen einen Ort, an dem Spa\u00df, Fairness und Teamgeist im Vordergrund stehen.<br >\nVon den Bambini \u00fcber F-, E-, D-, C-, B- bis zur A-Jugend betreuen engagierte Trainerteams unsere Kinder und Jugendlichen \u2013 mit altersgerechtem Training, Spielbetrieb und regelm\u00e4\u00dfigen Turnieren.<\/p> <a  class=\"button color1\" href=\"https:\/\/www.sg-wgw.de\" target=\"_blank\" data-cp-link=\"1\" data-icon=\"\">ZUR SG WGW<\/a><\/div> <\/div> <div  class=\"col-xs-12 col-sm-6 image-col second-image-col first-xs last-sm\" data-bg=\"image\" style=\"background-image: url(&quot;https:\/\/sv-willmenrod.de\/wp-content\/uploads\/2025\/10\/cropped-cropped-football-5587398_1920.jpg&quot;);\"><\/div> <\/div><\/div> <\/div><div  data-label=\"Fussball2\" data-id=\"overlappable--1\" data-export-id=\"overlappable-3\" data-category=\"overlappable\" class=\"overlappable-3 content-section content-section-spacing\" data-overlap=\"true\" id=\"fussball2\" style=\"background-color: rgb(255, 255, 255);\"><div  class=\"gridContainer\"> <div  class=\"row bg-color-white shadow-medium\"><div  class=\"col-xs-12 col-sm-6 image-col first-image-col\" data-bg=\"image\" style=\"background-image: url(&quot;https:\/\/sv-willmenrod.de\/wp-content\/uploads\/2025\/10\/cropped-football-4455306_1920.jpg&quot;);\"><\/div> <div  class=\"col-xs-12 col-sm-6 content-col col-padding col-padding-xs\"> <div  class=\"col-padding\" data-type=\"column\"> <h4  class=\"\">Seniorenfu\u00dfball \u2013 ambitioniert und kameradschaftlich<\/h4> <p  class=\"\">Unsere 1., 2. und die 3. Mannschaft nehmen aktiv am Spielbetrieb teil und werden gemeinsam mit der SG WGW gef\u00fchrt. \n<br >Hier verbinden sich sportlicher Ehrgeiz, Teamspirit und Vereinsidentifikation. Wer leistungsorientierten Fu\u00dfball spielen m\u00f6chte und gleichzeitig Wert auf eine starke Gemeinschaft legt, ist bei uns genau richtig.<\/p> <a  class=\"button color1\" href=\"https:\/\/www.sg-wgw.de\" target=\"_blank\" data-cp-link=\"1\" data-icon=\"\">ZUR SG WGW<\/a><\/div> <\/div><\/div> <div  class=\"row bg-color-white shadow-medium\"><div  class=\"col-xs-12 col-sm-6 content-col col-padding col-padding-xs\"> <div  class=\"col-padding\" data-type=\"column\"><h4  class=\"\">Alte Herren \u2013 Fu\u00dfball aus Leidenschaft<\/h4> <p  class=\"\">Auch unsere Alten Herren sind mit Begeisterung dabei. Hier steht der Spa\u00df am Spiel und das Miteinander im Mittelpunkt \u2013 bei Freundschaftsspielen, Turnieren und geselligen Aktivit\u00e4ten abseits des Platzes.<\/p> <a  class=\"button color1\" href=\"https:\/\/www.sg-wgw.de\" target=\"_blank\" data-cp-link=\"1\" data-icon=\"\">ZUR SG WGW<\/a><\/div> <\/div> <div  class=\"col-xs-12 col-sm-6 image-col second-image-col first-xs last-sm\" data-bg=\"image\" style=\"background-image: url(&quot;https:\/\/sv-willmenrod.de\/wp-content\/uploads\/2025\/10\/cropped-football-4605744_1920.jpg&quot;);\"><\/div> <\/div><\/div> <\/div><div  data-label=\"Cta\" data-id=\"cta--1\" data-export-id=\"cta-blue-section\" data-category=\"cta\" class=\"cta-blue-section content-section content-section-spacing-medium bg-color1 white-text\" id=\"cta-1\"><div  class=\"gridContainer\"> <div  class=\"row middle-xs\"><div  class=\"col-sm-8 space-bottom-xs\" data-type=\"column\"> <h2  class=\"\">Mitglied werden direkt online:<\/h2> <\/div> <div  class=\"col-sm-4 end-sm\" data-type=\"column\"> <a  class=\"button color1\" href=\"https:\/\/sv-willmenrod.de?page_id=176\" target=\"_self\" data-cp-link=\"1\" data-icon=\"\">Mitgliedsantrag<\/a><\/div> <\/div><\/div> <\/div>","protected":false},"excerpt":{"rendered":"<p>Warum SV Rot-Wei\u00df Willmenrod Qualifizierung unserer Trainer Wir erm\u00f6glichen angehenden und bestehenden Trainern die M\u00f6glichkeit, sich weiter zu entwicklen und zu qualifizieren. Gute Trainingsbedingungen Ob Kunstrasen oder Rasen, unsere Trainingsbedingungen zeichnen sich durch gepflegte Pl\u00e4tze aus. Aktive F\u00f6rderung der Jugend Ein besonderes Augenmerk legen wir auf die Jugendarbeit \u2013 unserer Zukunft von Morgen. Famili\u00e4res Umfeld&nbsp;&hellip; <br \/> <a class=\"read-more\" href=\"https:\/\/sv-willmenrod.de\/?page_id=114\">Read more<\/a><\/p>\n","protected":false},"author":1,"featured_media":0,"parent":0,"menu_order":0,"comment_status":"closed","ping_status":"closed","template":"pro\/page-templates\/full-width-page.php","meta":{"footnotes":""},"class_list":["post-114","page","type-page","status-publish","hentry"],"_links":{"self":[{"href":"https:\/\/sv-willmenrod.de\/index.php?rest_route=\/wp\/v2\/pages\/114","targetHints":{"allow":["GET"]}}],"collection":[{"href":"https:\/\/sv-willmenrod.de\/index.php?rest_route=\/wp\/v2\/pages"}],"about":[{"href":"https:\/\/sv-willmenrod.de\/index.php?rest_route=\/wp\/v2\/types\/page"}],"author":[{"embeddable":true,"href":"https:\/\/sv-willmenrod.de\/index.php?rest_route=\/wp\/v2\/users\/1"}],"replies":[{"embeddable":true,"href":"https:\/\/sv-willmenrod.de\/index.php?rest_route=%2Fwp%2Fv2%2Fcomments&post=114"}],"version-history":[{"count":6,"href":"https:\/\/sv-willmenrod.de\/index.php?rest_route=\/wp\/v2\/pages\/114\/revisions"}],"predecessor-version":[{"id":193,"href":"https:\/\/sv-willmenrod.de\/index.php?rest_route=\/wp\/v2\/pages\/114\/revisions\/193"}],"wp:attachment":[{"href":"https:\/\/sv-willmenrod.de\/index.php?rest_route=%2Fwp%2Fv2%2Fmedia&parent=114"}],"curies":[{"name":"wp","href":"https:\/\/api.w.org\/{rel}","templated":true}]}}